 93*b + 143. What is k(-2)?
-43
Let y(w) = 16*w**2 + 148*w - 301. Give y(-11).
7
Let u(l) = -l**2 + 2012*l + 44734. Determine u(-22).
-14
Let i(j) = j**3 - 56*j**2 - 588*j + 193. What is i(65)?
-2
Let t(x) = 133*x + 3027. Determine t(-20).
367
Let d(z) = 1602*z - 9610. Give d(6).
2
Let l(p) = -39*p - 1178. Calculate l(-47).
655
Let b(q) = -299*q - 42. Determine b(-2).
556
Let j(o) = 13*o - 491. Calculate j(39).
16
Let f(s) = -7*s**2 - 8*s + 26. What is f(4)?
-118
Let u(f) = -1401*f + 5590. Calculate u(4).
-14
Let s(o) = -3*o**2 + 1631*o - 4881. Determine s(3).
-15
Let i(m) = 4*m**2 - 166*m - 168. Calculate i(-1).
2
Let h(b) = 702*b + 7739. Calculate h(-11).
17
Let r(o) = -5*o**2 + 116*o + 104. Determine r(24).
8
Let o(g) = 8*g**2 + 167*g - 436. Give o(-24).
164
Let f(o) = -o**3 - 20*o**2 - 8*o - 9. Calculate f(-7).
-590
Let d(s) = -675*s + 143768. Calculate d(213).
-7
Let y(i) = i**3 - 104*i**2 + 2704*i - 49. What is y(53)?
4
Let x(a) = 902*a**2 + 19838*a - 132. Give x(-22).
0
Let d(y) = 3*y**3 - 234*y**2 + 229*y + 175. Give d(77).
21
Let q(t) = -13*t**3 - t**2 + t - 1. Determine q(-2).
97
Let f(c) = c**3 + 24*c**2 + 2*c + 34. Calculate f(-24).
-14
Let i(h) = -h**2 + 22*h + 750. Give i(-19).
-29
Let a(d) = -2*d**3 + 12*d**2 - 53*d + 204. Calculate a(5).
-11
Let n(l) = 102*l**3 + 21*l**2 + 23*l + 1. Give n(-1).
-103
Let j(q) = -q**2 + 40*q + 827. What is j(-15)?
2
Let k(p) = -p**3 - 25*p**2 - 66*p - 1013. What is k(-24)?
-5
Let i(d) = 2*d**2 - 97*d - 585. Give i(54).
9
Let n(u) = -u**3 - 24*u**2 - 78*u - 30. Give n(-20).
-70
Let m(z) = 35*z + 3. What is m(0)?
3
Let d(s) = 23*s - 126. Calculate d(25).
449
Let z(q) = -38*q**2 + 28*q - 56. Calculate z(3).
-314
Let f(u) = 10*u + 53. Determine f(6).
113
Let i(l) = -23*l**2 + 4*l + 39. What is i(4)?
-313
Let p(v) = -3*v**3 - 39*v**2 + 37*v - 43. Give p(-14).
27
Let c(o) = 2*o**3 - 2*o**2 + 29*o - 132. Give c(4).
80
Let w(r) = r**2 - 19*r - 142. Give w(-8).
74
Let y(o) = -5*o**3 - 81*o**2 - 14*o. Give y(-16).
-32
Let a(i) = -28*i - 778. Give a(-26).
-50
Let r(m) = -m**3 - 6*m**2 + m + 17. What is r(-5)?
-13
Let q(i) = 5*i**2 - 9*i + 1. Calculate q(2).
3
Let u(v) = 360*v - 2216. Calculate u(6).
-56
Let p(z) = -2*z**2 + 18*z + 13. Calculate p(-5).
-127
Let l(r) = -18*r - 33. What is l(6)?
-141
Let b(u) = u**3 + 34*u**2 + 73*u + 1253. Determine b(-33).
-67
Let h(i) = -2*i**3 - 13*i**2 - 9*i + 43. Determine h(-9).
529
Let w(a) = -94*a - 352. What is w(-4)?
24
Let v(u) = -48*u - 4319. Give v(-90).
1
Let s(n) = -468*n + 4178. What is s(9)?
-34
Let z(o) = o**2 - 41*o - 87. Calculate z(42).
-45
Let c(r) = -48762*r - 487624. Give c(-10).
-4
Let s(u) = 4*u + 52. What is s(-9)?
16
Let k(h) = -4*h**2 + 21*h + 15. Determine k(8).
-73
Let f(d) = -3*d**3 + 68*d**2 - 39*d + 52. Give f(22).
162
Let b(z) = 2979*z + 92349. What is b(-31)?
0
Let u(q) = -32*q - 280. Determine u(-19).
328
Let c(w) = w**3 + 31*w**2 + 113*w + 111. What is c(-28)?
-701
Let z(n) = -4*n**2 + 87*n - 166. Determine z(22).
-188
Let i(w) = w**3 + w**2 - 14*w + 8. Give i(-6).
-88
Let m(n) = -28*n + 3452. Give m(123).
8
Let l(w) = 139*w - 14198. What is l(102)?
-20
Let s(k) = k**2 - 58*k - 4591. What is s(-45)?
44
Let n(m) = m**3 + 12*m**2 - 174*m - 795. What is n(-19)?
-16
Let y(v) = -v**3 - 11*v**2 - 8*v + 77. Calculate y(-8).
-51
Let t(o) = -4*o**2 - 33*o + 34. Calculate t(-11).
-87
Let m(r) = 2*r**3 + 44*r**2 - 41*r - 80. Calculate m(-23).
-195
Let k(y) = 15*y - 1064. Determine k(70).
-14
Let g(r) = r**2 - 995*r + 9854. Determine g(10).
4
Let n(j) = -11*j**2 - 1010*j + 3129. Give n(3).
0
Let b(q) = -25*q**2 + 2400*q + 108. What is b(96)?
108
Let n(i) = -i**2 - 491*i + 72591. Give n(119).
1
Let o(j) = -3*j**3 - 2*j**2 + 6*j + 12. Calculate o(2).
-8
Let k(s) = -s**2 + 88*s - 344. Give k(84).
-8
Let w(t) = 283*t - 5087. Calculate w(18).
7
Let b(g) = 63*g + 87. Determine b(-4).
-165
Let z(t) = -304*t - 71162. Calculate z(-234).
-26
Let x(q) = 384*q + 4192. Give x(-11).
-32
Let b(d) = -4449*d + 493837. Give b(111).
-2
Let d(z) = 2839*z - 19855. Calculate d(7).
18
Let b(p) = -23*p**2 - 257*p + 1325. Give b(-15).
5
Let t(g) = -g**3 - 15*g**2 - 53*g - 8. Calculate t(-9).
-17
Let l(m) = m**3 - 8*m**2 - m - 73. What is l(9)?
-1
Let g(b) = -502*b**3 - 5*b**2 + 5. What is g(-1)?
502
Let r(t) = -2*t**3 - 9*t**2 + 4*t + 3. Determine r(-4).
-29
Let p(l) = -l**3 - 14*l**2 + 22*l + 27. Determine p(-15).
-78
Let q(k) = 2*k**3 - 19*k**2 + 5*k - 4. What is q(1)?
-16
Let t(q) = 18*q - 142. Calculate t(3).
-88
Let h(k) = -1650*k + 3306. What is h(2)?
6
Let b(y) = 2*y**2 + 60*y + 649. Give b(-19).
231
Let i(q) = -5*q - 89. Calculate i(-5).
-64
Let a(o) = o**3 - 15*o**2 - 65*o + 1194. What is a(13)?
11
Let u(h) = -11*h - 404. Determine u(-37).
3
Let y(o) = -2*o + 691. Determine y(26).
639
Let v(x) = 3*x**2 + 461*x + 1792. Give v(-4).
-4
Let i(z) = z**3 - 6*z**2 - 6*z + 14. Give i(5).
-41
Let c(o) = o**2 - 61*o - 2976. What is c(-32)?
0
Let l(b) = -8*b**3 + 116*b**2 - 53*b - 37. Calculate l(14).
5
Let g(a) = -144*a + 998. Determine g(7).
-10
Let l(z) = 6*z**3 + 5*z**2 - 12*z - 3. Calculate l(3).
168
Let d(r) = -r**2 + 120*r + 493. Determine d(-4).
-3
Let x(c) = -c**3 + 2*c**2 + c - 2. Determine x(2).
0
Let z(x) = -294*x + 20570. Determine z(70).
-10
Let s(d) = -26*d - 1275. Calculate s(-57).
207
Let z(b) = 2*b**2 + 76*b + 704. Calculate z(-17).
-10
Let l(g) = 2*g**2 + 22*g - 258. What is l(-18)?
-6
Let w(j) = -3*j**2 - 54*j - 147. Calculate w(-15).
-12
Let g(j) = 19*j**2 + 4*j - 3. Give g(-5).
452
Let d(s) = -18*s - 426. Give d(-24).
6
Let l(b) = 3*b**2 + 18*b + 93. Calculate l(-9).
174
Let l(m) = 4*m**3 + 51*m**2 - 15*m - 34. Give l(-13).
-8
Let t(s) = -2*s**3 - 47*s**2 - 274*s + 43. Calculate t(-13).
56
Let h(m) = -m**3 - 15*m**2 + 68*m - 127. Determine h(-19).
25
Let t(h) = -9*h - 28. Give t(-13).
89
Let z(i) = i**2 - 98*i + 1401. Calculate z(18).
-39
Let l(i) = -114*i - 1149. Give l(-14).
447
Let p(u) = 10*u**3 - 30*u**2 + 29*u + 2. Give p(1).
11
Let w(r) = -26*r - 26. Determine w(-8).
182
Let q(v) = 198*v - 55. Determine q(0).
-55
Let s(a) = 10*a**3 + a**2 - 5*a + 5. Give s(2).
79
Let m(i) = -4*i**2 + 3*i + 259. Determine m(12).
-281
Let t(s) = 46*s**2 + 187*s - 7. What is t(-4)?
-19
Let s(f) = f**3 - 16*f**2 - 22*f + 37. Determine s(17).
-48
Let d(p) = -3545*p + 39010. Calculate d(11).
15
Let l(y) = 44*y**2 - 80*y - 79. Calculate l(-1).
45
Let p(a) = a**3 + 38*a**2 - 40*a - 42. What is p(-39)?
-3
Let o(r) = -5*r**3 - 5*r**2 + 3*r + 3. Determine o(-2).
17
Let z(f) = 76*f**2 - 226*f + 18. Determine z(3).
24
Let j(m) = m**3 - 76*m**2 + 145*m + 196. Give j(74).
-26
Let a(v) = v**3 - 6*v**2 - 744*v + 5234. Calculate a(7).
75
Let c(h) = -38*h - 199. Determine c(-6).
29
Let x(m) = -8*m - 81. Give x(-17).
55
Let r(c) = 1556*c - 6233. What is r(4)?
-9
Let h(i) = 3*i**2 + 67*i - 129. Give h(-24).
-9
Let w(r) = 48*r + 312. Calculate w(-21).
-696
Let b(m) = 92*m - 9. What is b(2)?
175
Let w(r) = -31*r**2 - 369*r + 743. Calculate w(2).
-119
Let p(w) = -6*w**2 + 150*w - 126. Calculate p(24).
18
Let x(j) = 5*j**2 + 108*j + 365. Determine x(-17).
-26
Let q(d) = -3*d**3 - 10*d**2 - 6*d + 23. Determine q(-7).
604
Let g(l) = 19*l**2 + 439*l + 32. Calculate g(-23).
-14
Let s(x) = 3*x**3 - 6*x**2 + 2*x + 9. Give s(-3).
-132
Let h(v) = 7*v**3 + 370*v**2 - 51*v + 110. What is h(-53)?
4
Let g(v) = -2*v**2 - 79*v - 3. What is g(-39)?
36
Let s(h) = -148*h + 705. Give s(5).
-35
Let g(x) = 2*x**3 + 31*x**2 + 51*x - 189. Give g(-13).
-7
Let g(z) = -z**2 - 813*z + 6571. Give g(8).
3
Let f(t) = t**2 + 24*t - 907. Determine f(21).
38
Let c(d) = 990*d - 2967. Calculate c(4).
993
Let z(x) = 3*x**2 - 16*x + 19. Give z(1).
6
Let a(g) = 132*g + 37. What is a(-3)?
-359
Let c(s) = -23*s - 219. What is c(-9)?
-12
Let h(z) = z**3 + 12*z**2 - 214*z + 15. What is h(-21)?
540
Let q(a) = -a**3 - 3*a**2 - 9*a - 14. What is q(-3)?
13
Let g(k) = -2*k**3 - 16*k**2 + 54. What is g(-8)?
54
Let k(p) = -p**2 - 1340*p + 70951. What is k(51)?
10
Let k(u) = -u**3 + 9*u**2 - 2*u + 1. What is k(3)?
49
Let v(y) = -y**3 - 62*y**2 - 8*y - 524. Give v(-62).
-28
Let m(n) = 2*n**3 - 9*n**2 + 13*n - 17. What is m(3)?
-5
Let v(o) = -582*o + 4598. Determine v(8).
-58
Let a(d) = d**3 + 57*d**2 - 751*d - 165. What is a(-68)?
39